(l) = 3*l - 8. Let k be j(6). What is the highest common factor of t and k?
10
Let d = -5 - -7. Let g(u) = -u - 2. Let t be g(-4). Calculate the greatest common divisor of t and d.
2
Let p(k) = -k**2 + 7*k. Suppose -2*d + 1 = -9. Let n be p(d). Calculate the greatest common divisor of 4 and n.
2
Suppose 0 = 4*x + 1 + 35. Let l be (6/(-4))/(x/24). Let h be (-5)/(-2) - l/8. Calculate the highest common divisor of h and 2.
2
Suppose -4*d + 58 + 62 = 0. Calculate the greatest common factor of 75 and d.
15
Let o = 7 + -4. Let k be (7/2 - o)*0. Suppose -2*l - 11 = -x, 3*x + 2*x - l - 46 = k. What is the highest common factor of 1 and x?
1
Suppose 1 + 1 = u. Suppose -18 = -0*j - u*j. What is the greatest common factor of 99 and j?
9
Let i(s) = -2*s + 5. Let g be i(-4). Calculate the greatest common factor of g and 39.
13
Let i = 55 - 82. Let q be (-112)/(-18) + 6/i. Calculate the greatest common divisor of q and 2.
2
Let l(y) = -y**2 + 5*y + 8. Let q be l(6). Suppose 4 = q*b - 5*s - 5, s - 1 = 0. Let p be b/28 - (-102)/8. Calculate the highest common factor of p and 117.
13
Let b(q) = q - 2. Let g(k) = -3*k + 6. Let v(i) = 17*b(i) + 6*g(i). Let m be v(-7). Let o = 95 - 32. Calculate the highest common divisor of o and m.
9
Let q(n) = n**2 + 4*n - 6. Let r be q(-5). Let j = 0 - r. What is the highest common divisor of j and 4?
1
Suppose 0*a = 2*i + 4*a, -4*i + 6 = 5*a. Suppose 4*q = -6 - 14. Let x(p) = p + 6. Let k be x(q). What is the greatest common divisor of i and k?
1
Let s(z) = z**3 + 6*z**2 + 2*z - 5. Let v be s(-5). Suppose -3*o = 2*o + 20, 0 = -3*u + o + 64. Calculate the greatest common divisor of u and v.
10
Suppose 3*z = 7*z. Let g(d) = d + 15. Let s be g(z). Calculate the highest common factor of 120 and s.
15
Suppose t - y = 39, -t = 3*y - 9 - 18. Calculate the greatest common factor of t and 180.
36
Let j(d) = -2*d**3 + d**2 - d - 1. Let n(w) = -w - 7. Let t be n(-6). Let y be j(t). Calculate the greatest common divisor of 9 and y.
3
Suppose -d = -5 + 3. Suppose -7*c + 5 = -d*c. Suppose 0*t + i = -4*t + 38, 2*i - 36 = -4*t. What is the greatest common divisor of c and t?
1
Suppose 2*p - 3 - 3 = 0. Let u be (1 + 1)/(10/275). Suppose -p*s + u = 2*s. What is the greatest common divisor of 1 and s?
1
Suppose -5*u = s - 51 - 219, -4*u - 3*s + 205 = 0. What is the highest common divisor of u and 22?
11
Let l = -1 - -2. Suppose -2*y + l = -17. Suppose -37 = -4*u - 4*a - a, u - y = -a. What is the highest common divisor of u and 12?
4
Let v be 4/(-6) + 78/9. Let y(u) = -5 + 2*u + 1 + 6*u**3 - 7*u**3 + 7*u**2. Let g be y(5). Calculate the greatest common divisor of g and v.
8
Suppose 0 = 5*d + 10, -d = 2*o + 2*d - 4. Let l(j) = -j + 12. Let f be l(o). Calculate the highest common divisor of f and 56.
7
Let h(k) = -k**3 - 2*k**2. Let g = 8 - 13. Let j be h(g). Calculate the greatest common factor of j and 25.
25
Suppose 0 = 2*j - j - 2. Suppose -p + 20 = -5*d, -j*p - 20 = 2*p + 5*d. Let w be 16 + (2 - (2 - p)). What is the greatest common factor of 16 and w?
16
Let g(a) = -a - 7. Let c be g(-12). Let p = 6 - c. Calculate the highest common factor of p and 3.
1
Let g(n) = n**2 + 5*n - 5. Let k be g(-5). Let r be (-3)/k - (-441)/15. Let p = -108 + 153. What is the highest common factor of r and p?
15
Let z = 40 - 39. Calculate the highest common divisor of z and 1.
1
Suppose -90 = -2*k + 22. What is the highest common divisor of 8 and k?
8
Suppose 0 = -a - 4, -2*v + 36 = -v - 4*a. Suppose 5*y - 11 = -4*g, 0 - 2 = -g - 2*y. Calculate the highest common factor of g and v.
4
Let w = 6 - 4. Let o(p) = -p**2 - 4*p. Let i be o(-4). Suppose 4*c - h = 2*h + 81, 2*h - w = i. Calculate the highest common divisor of c and 14.
7
Let u(i) = 2*i**3 - 7*i**2 - 5*i + 5. Let a be u(4). Calculate the greatest common divisor of 1 and a.
1
Suppose 5*i = i + 12, -2*a + 32 = 4*i. Suppose -53 - 393 = -5*z - g, 0 = -5*g - 20. What is the greatest common factor of z and a?
10
Suppose -4*t + 49 = -3*o, -2 = -3*t + 1. Let p be ((-2)/(-6) + -2)*o. What is the highest common divisor of 250 and p?
25
Suppose 0*g + g - 3 = 0. Suppose 4*l + 512 = 4*f, -5*f - 2*l = -g*f - 240. Calculate the greatest common divisor of 31 and f.
31
Let w(x) = -2*x**2 - 7*x + 7. Let c be w(-7). Let h = 65 + c. Calculate the highest common factor of h and 23.
23
Suppose 4*s + 3 = 15. Suppose 12 = -s*f + 42. What is the greatest common divisor of f and 20?
10
Suppose 2*x + 2*v - v = 15, -v = -5. Let j(m) = m**2 - 5*m + 4. Let d be j(x). Let q = 10 + -2. What is the highest common divisor of q and d?
4
Suppose -3*f + 2 = -10. Suppose z + 3*p = f*p - 3, -2*z - p = -9. Let w = z - -3. Calculate the greatest common factor of w and 2.
1
Suppose -17*l = -168 - 240. Calculate the greatest common divisor of 6 and l.
6
Let n(r) = 4*r + 55. Let i be n(-10). Suppose 0 = 2*d + 48 - 198. Calculate the highest common factor of d and i.
15
Let y be 0 - (38/(-2) + 3). Let w = y - -26. What is the highest common factor of 6 and w?
6
Let m(s) = -s**2 - 4*s - 1. Let y be m(-3). Suppose 2*t = 3*p - 5, -y*p = -6*p - 3*t + 18. Calculate the highest common divisor of 6 and p.
3
Let z = -1 - -1. Let i = 3 + z. Suppose -305 - 46 = -i*h. Calculate the highest common factor of 13 and h.
13
Let r(m) = m**3 - 15*m**2 + 16*m - 7. Let f be r(14). What is the greatest common factor of 28 and f?
7
Let c = -4 - -13. Let i(g) = g**2 + 2 + 2*g**2 + 3*g + 1. Let k be i(4). Calculate the highest common factor of c and k.
9
Let m be ((-85)/10)/(-1)*2. Calculate the greatest common divisor of 68 and m.
17
Suppose -3*u + 355 = 4*y, 0 = 2*y + 2*u - 4*u - 174. Let n be (y/6)/(1/15). Let t = -25 + 45. Calculate the greatest common divisor of t and n.
20
Let w be (34/(-7) - 0)*(-9 + 2). Calculate the greatest common factor of 51 and w.
17
Let r be 170/(-34)*(0 - 48/5). Calculate the highest common factor of 144 and r.
48
Let u = 10 - 4. Suppose -3*c = -19 - 17. What is the greatest common factor of c and u?
6
Let o(w) = -2*w + 2. Let n be o(-2). Let s = -47 + 33. Let g = s - -38. Calculate the highest common factor of n and g.
6
Let h(d) = d**2 + 0 + 18*d**3 - 20*d**3 + 2 - d - 3*d**2. Let j be h(-2). Calculate the greatest common divisor of j and 36.
12
Suppose 3*c - 4*k - 1352 = 0, c = -k + 425 + 21. Let q be ((-4)/8)/((-2)/c). What is the highest common factor of 14 and q?
14
Let b = 27 + -10. Let u be ((-17)/2)/(3/(-6)). Calculate the highest common divisor of u and b.
17
Suppose 0 = -0*s - s + 9. Calculate the greatest common divisor of s and 63.
9
Suppose -3*q + 121 = 8*q. What is the highest common factor of 99 and q?
11
Let v(d) = 2*d**3 - 3*d**2 - 3*d - 2. Let p be v(3). Let a = 8 - -88. Calculate the greatest common factor of p and a.
16
Suppose 2*l - 281 = -2*l - 3*t, 4*t - 12 = 0. Let z be 3*(-4 + l/6). Calculate the highest common divisor of 11 and z.
11
Let c(s) = s**3 - 8*s**2 + 8*s - 1. Let i be 2/4 + (-12)/(-8). Let j be (-11 + -3)*i/(-4). Let w be c(j). Calculate the greatest common factor of 4 and w.
2
Suppose 5*u + 7*n - 30 = 2*n, 0 = -2*u + 3*n - 13. Suppose 23 = -5*z - 37. Let o = u - z. Calculate the greatest common factor of 65 and o.
13
Let r be 2 + -1 + (-2)/(-2). Suppose 18 = x - r*p, -4*x + 27 + 36 = -5*p. Calculate the greatest common factor of x and 12.
12
Suppose 38 - 68 = -5*l. Calculate the greatest common divisor of l and 42.
6
Suppose -10*b + 1549 = -1691. What is the highest common factor of 18 and b?
18
Suppose -2*c + 3*j = 8, -j = 3*c - 3*j + 2. Suppose -c*b - 28 = -4*b. Calculate the highest common divisor of 7 and b.
7
Suppose 5*l + w - 13 = 210, 0 = -w - 2. Let q = 154 - 136. What is the highest common divisor of q and l?
9
Suppose 5*a - 59 = 2*h + 3, -5*a - 2*h + 78 = 0. Let q = a + -2. Let o = -149 - -233. What is the highest common divisor of q and o?
12
Let y = -55 + 70. Calculate the highest common divisor of y and 45.
15
Let d(n) = n - 7. Let i be d(13). Let k be (384/i)/(1 + 0). What is the highest common factor of 16 and k?
16
Suppose -3*d = -3*m - 21, m = 3*d - 30 + 7. Calculate the highest common divisor of d and 88.
8
Suppose -2*b - 3*g = -20, 52 = 3*b + b + 3*g. Suppose 6 = -3*u + 4*x, 4*u + 5*x - 25 = -2. Calculate the highest common factor of b and u.
2
Suppose 3*c + 5*x + 20 = 4*c, -5*c